Klimatologické zprávy

Na této stránce si můžete prohlédnout klimatologické zprávy generované programem Cumulus. Ve zprávě najdete informace o teplotě, srážkách a větru. K aktualizaci těchto dat dochází druhý den. V zimě je srážkoměr mimo provoz a srážky jsou doplňovány zpětně, obvykle do 3 dnů.


Přehled pro 2016 Dub
                   Monthly Climatological Summary for dub 2016

Name: WhiteSun   City: Košťálov, okr Semily   State: Česká republika
Elevation: 358 m  Lat: N 50° 34' 19"   Lon: E 015° 24' 09"

                  Temperature (°C), Rain (mm), Wind Speed (m/s)

                                      Heat  Cool        Avg
    Mean                              Deg   Deg         Wind                 Dom
Day Temp  High   Time   Low    Time   Days  Days  Rain  Speed High   Time    Dir
----------------------------------------------------------------------------------
 1   6,0   9,7   17:19   0,0   23:59   4,0   0,0   0,3   1,3   6,7   08:09   ZJZ
 2   5,5  13,8   15:57  -3,3   06:34   5,4   0,0   0,0   1,3   9,0   13:09   VSV
 3   8,7  17,3   16:10   0,0   06:34   3,4   0,0   0,0   0,9   7,8   10:20   VSV
 4  10,7  19,7   14:52   1,6   06:49   2,5   0,0   0,0   0,5   4,8   10:14   JJZ
 5  12,9  22,5   14:20   3,4   06:24   1,8   0,5   0,0   0,6   5,6   15:44    JV
 6  11,0  15,8   15:19   5,6   23:30   0,6   0,0   0,9   1,8   8,3   04:29    JZ
 7  10,7  16,4   13:35   5,6   00:00   1,3   0,0   0,0   1,1   7,2   11:55    JZ
 8   8,8  10,6   14:30   7,2   07:15   1,3   0,0   0,3   0,5   3,0   19:10   JJZ
 9   6,5   7,8   10:45   4,8   23:05   3,5   0,0   3,0   1,1   7,2   10:55   ZJZ
10   5,8   8,0   15:15   4,5   02:15   4,2   0,0   2,1   1,0   3,7   17:25   ZJZ
11   8,7  13,3   16:55   5,0   00:45   2,0   0,0   0,0   0,5   4,8   18:40    JV
12   9,7  14,3   18:09   5,7   23:54   1,1   0,0   0,0   0,5   3,4   00:09    JZ
13   9,1  16,7   17:49   3,3   04:39   2,6   0,0   0,3   0,5   4,1   23:59    JZ
14   8,3  10,3   16:35   5,0   23:55   1,7   0,0   3,3   2,0   9,4   15:40   ZJZ
15   6,0  10,7   14:25   1,0   06:10   4,0   0,0   1,2   0,8   5,9   10:55   VSV
16   8,5  12,3   17:49   4,0   05:50   2,1   0,0   3,0   0,8   4,8   09:25   VSV
17   8,8  12,6   12:12   6,5   05:34   1,6   0,0   0,9   1,3   7,5   10:52    JZ
18   7,8  11,5   14:30   3,9   23:59   2,4   0,0   0,0   1,2   6,4   14:41    JZ
19   5,4   9,7   13:36  -0,2   05:24   4,6   0,0   0,0   1,6   9,0   16:14   ZJZ
20   5,9  10,4   15:51   1,7   23:55   4,1   0,0   0,0   2,9   9,7   13:39   ZJZ
21   6,8  14,9   16:34  -1,4   06:25   4,4   0,0   0,0   0,8   5,6   11:34    JZ
22   6,9  13,0   17:48  -0,2   06:09   3,7   0,0   0,0   1,7   9,7   13:15   ZJZ
23   6,0  12,5   13:48   0,8   05:39   4,4   0,0   2,4   1,1   5,9   17:36   ZJZ
24   2,8   6,7   15:28  -1,1   23:59   7,2   0,0   0,3   2,1   8,6   10:07   ZJZ
25   1,9   7,9   16:40  -3,2   05:04   8,1   0,0   0,0   1,3  10,4   13:11    JZ
26   2,2   6,1   15:44  -2,0   02:39   7,9   0,0   7,8   1,4  13,9   13:47     V
27   2,7   7,6   17:16  -1,1   02:37   7,3   0,0   1,2   1,1   8,6   15:04   JJZ
28   4,5  10,3   15:02  -0,7   04:22   5,6   0,0   0,0   1,3  10,4   14:32     J
29   5,8  13,1   15:17  -2,5   06:18   4,9   0,0   0,0   0,7   7,2   14:40    JV
30   8,8  17,3   15:08  -1,1   05:22   3,7   0,0   0,0   0,8   5,9   15:15   VJV
----------------------------------------------------------------------------------
     7,1  22,5     5    -3,3     2   111,4   0,5  27,0   1,1  13,9    26      JZ

Max >=  25,0:  0
Max <=   0,0:  0
Min <=   0,0: 13
Min <= -10,0:  0
Max Rain: 7,8 on day 26
Days of Rain: 10 (>= 0,5 mm)  6 (>= 2,0 mm)  0 (>= 10,0 mm)
Heat Base: 10,0  Cool Base: 20,0  Method: Integration