Klimatologické zprávy

Na této stránce si můžete prohlédnout klimatologické zprávy generované programem Cumulus. Ve zprávě najdete informace o teplotě, srážkách a větru. K aktualizaci těchto dat dochází druhý den. V zimě je srážkoměr mimo provoz a srážky jsou doplňovány zpětně, obvykle do 3 dnů.

Vyberte roční nebo měsíční přehled
2024: Led Úno Bře Dub Kvě Čer Čec Srp Zář Říj Lis Pro
2023: Led Úno Bře Dub Kvě Čer Čec Srp Zář Říj Lis Pro
2022: Led Úno Bře Dub Kvě Čer Čec Srp Zář Říj Lis Pro
2021: Led Úno Bře Dub Kvě Čer Čec Srp Zář Říj Lis Pro
2020: Led Úno Bře Dub Kvě Čer Čec Srp Zář Říj Lis Pro
2019: Led Úno Bře Dub Kvě Čer Čec Srp Zář Říj Lis Pro
2018: Led Úno Bře Dub Kvě Čer Čec Srp Zář Říj Lis Pro
2017: Led Úno Bře Dub Kvě Čer Čec Srp Zář Říj Lis Pro
2016: Led Úno Bře Dub Kvě Čer Čec Srp Zář Říj Lis Pro
2015: Led Úno Bře Dub Kvě Čer Čec Srp Zář Říj Lis Pro
2014: Led Úno Bře Dub Kvě Čer Čec Srp Zář Říj Lis Pro
2013: Led Úno Bře Dub Kvě Čer Čec Srp Zář Říj Lis Pro

Přehled pro 2017 Čec
                   Monthly Climatological Summary for čvc 2017

Name: WhiteSun   City: Košťálov, okr Semily   State: Česká republika
Elevation: 358 m  Lat: N 50° 34' 19"   Lon: E 015° 24' 09"

                  Temperature (°C), Rain (mm), Wind Speed (m/s)

                                      Heat  Cool        Avg
    Mean                              Deg   Deg         Wind                 Dom
Day Temp  High   Time   Low    Time   Days  Days  Rain  Speed High   Time    Dir
----------------------------------------------------------------------------------
 1  15,3  20,6   16:13   8,8   05:40   0,1   0,0   1,5   1,1  10,4   17:06    JZ
 2  16,1  20,1   14:19  13,2   05:25   0,0   0,0   1,2   2,1   8,6   11:00   ZJZ
 3  16,4  20,8   17:09  12,0   05:49   0,0   0,1   0,0   1,9   8,6   08:41   ZJZ
 4  16,7  21,7   17:16  12,0   03:23   0,0   0,2   0,0   1,5   9,7   12:52   ZJZ
 5  17,6  24,3   15:11  11,4   05:15   0,0   0,9   0,3   0,9   6,7   14:54   ZJZ
 6  19,1  25,1   15:55  13,1   05:29   0,0   1,4   0,0   0,5   5,6   14:36   JJZ
 7  19,5  26,6   15:58  14,2   03:09   0,0   1,6   4,2   0,6   6,7   14:51   JJZ
 8  20,4  25,0   13:43  16,0   05:49   0,0   1,7   0,0   1,5   9,0   13:21   ZJZ
 9  21,3  28,3   16:22  13,3   03:26   0,0   3,2   0,0   0,3   4,8   13:26    JV
10  22,9  29,5   15:07  16,5   04:56   0,0   3,5   0,0   0,7   8,3   14:45   JJV
11  18,3  20,3   17:53  15,6   23:46   0,0   0,0   6,0   0,5   8,6   15:01   ZJZ
12  17,5  24,0   15:34  12,6   06:16   0,0   0,5   3,3   0,8   8,6   16:49   JJZ
13  14,2  18,3   16:34  10,0   23:58   0,0   0,0   0,0   3,3  11,6   03:19   ZJZ
14  12,8  18,5   16:54   6,9   05:14   0,6   0,0   0,3   0,3   5,3   17:46    JZ
15  14,6  19,0   15:43   9,9   05:42   0,0   0,0   0,0   1,3   8,6   15:55   ZJZ
16  16,3  21,7   11:59   7,4   05:54   0,3   0,3   0,0   0,6   5,9   12:09   ZJZ
17  18,8  23,9   14:39  14,6   05:23   0,0   0,8   0,0   0,7   5,6   12:41   ZJZ
18  19,8  26,1   17:42  14,8   05:43   0,0   1,7   0,0   0,5   4,1   19:01    JZ
19  22,3  30,1   16:54  14,6   05:29   0,0   3,8   0,3   0,4   4,5   09:36    JV
20  21,0  29,2   16:20  15,5   05:41   0,0   2,4   1,8   0,7   7,8   18:18    JZ
21  21,8  27,0   15:56  17,4   05:17   0,0   2,6   2,4   0,7   5,9   14:10   ZJZ
22  21,4  29,1   15:02  14,3   05:58   0,0   2,8   1,2   0,6   6,4   09:29   VJV
23  19,0  23,1   18:07  15,1   05:48   0,0   0,5   5,1   0,6   8,6   15:23   ZJZ
24  17,3  22,2   12:47  12,8   06:10   0,0   0,3   8,4   0,3   4,8   15:02    JV
25  15,1  18,9   18:18  12,8   05:50   0,0   0,0   2,7   1,5   8,3   19:23    JZ
26  16,2  21,6   16:59  13,0   06:55   0,0   0,1   3,6   0,9   7,2   18:57    JZ
27  15,9  20,8   15:53  12,1   03:21   0,0   0,1  17,7   1,1   9,4   01:35   ZJZ
28  17,7  21,9   16:07  13,6   23:46   0,0   0,3   7,8   1,2   9,4   14:45   ZJZ
29  18,2  25,9   18:55  10,4   06:00   0,0   1,5   0,0   0,5   5,6   12:26    JZ
30  21,7  31,0   16:16  12,6   05:37   0,0   3,6   5,4   0,7   9,4   22:10   VJV
31  22,6  29,8   17:10  16,2   05:24   0,0   3,6   0,3   0,6   6,4   12:44     J
----------------------------------------------------------------------------------
    18,3  31,0    30     6,9    14     1,0  37,5  73,5   0,9  11,6    13      JZ

Max >=  25,0: 13
Max <=   0,0:  0
Min <=   0,0:  0
Min <= -10,0:  0
Max Rain: 17,7 on day 27
Days of Rain: 15 (>= 0,5 mm)  11 (>= 2,0 mm)  1 (>= 10,0 mm)
Heat Base: 10,0  Cool Base: 20,0  Method: Integration