Klimatologické zprávy
Na této stránce si můžete prohlédnout klimatologické zprávy generované programem Cumulus. Ve zprávě najdete informace o teplotě, srážkách a větru. K aktualizaci těchto dat dochází druhý den. V zimě je srážkoměr mimo provoz a srážky jsou doplňovány zpětně, obvykle do 3 dnů.
Vyberte roční nebo měsíční přehled
2024: Led Úno Bře Dub Kvě Čer Čec Srp Zář Říj Lis Pro
2023: Led Úno Bře Dub Kvě Čer Čec Srp Zář Říj Lis Pro
2022: Led Úno Bře Dub Kvě Čer Čec Srp Zář Říj Lis Pro
2021: Led Úno Bře Dub Kvě Čer Čec Srp Zář Říj Lis Pro
2020: Led Úno Bře Dub Kvě Čer Čec Srp Zář Říj Lis Pro
2019: Led Úno Bře Dub Kvě Čer Čec Srp Zář Říj Lis Pro
2018: Led Úno Bře Dub Kvě Čer Čec Srp Zář Říj Lis Pro
2017: Led Úno Bře Dub Kvě Čer Čec Srp Zář Říj Lis Pro
2016: Led Úno Bře Dub Kvě Čer Čec Srp Zář Říj Lis Pro
2015: Led Úno Bře Dub Kvě Čer Čec Srp Zář Říj Lis Pro
2014: Led Úno Bře Dub Kvě Čer Čec Srp Zář Říj Lis Pro
2013: Led Úno Bře Dub Kvě Čer Čec Srp Zář Říj Lis Pro
2024: Led Úno Bře Dub Kvě Čer Čec Srp Zář Říj Lis Pro
2023: Led Úno Bře Dub Kvě Čer Čec Srp Zář Říj Lis Pro
2022: Led Úno Bře Dub Kvě Čer Čec Srp Zář Říj Lis Pro
2021: Led Úno Bře Dub Kvě Čer Čec Srp Zář Říj Lis Pro
2020: Led Úno Bře Dub Kvě Čer Čec Srp Zář Říj Lis Pro
2019: Led Úno Bře Dub Kvě Čer Čec Srp Zář Říj Lis Pro
2018: Led Úno Bře Dub Kvě Čer Čec Srp Zář Říj Lis Pro
2017: Led Úno Bře Dub Kvě Čer Čec Srp Zář Říj Lis Pro
2016: Led Úno Bře Dub Kvě Čer Čec Srp Zář Říj Lis Pro
2015: Led Úno Bře Dub Kvě Čer Čec Srp Zář Říj Lis Pro
2014: Led Úno Bře Dub Kvě Čer Čec Srp Zář Říj Lis Pro
2013: Led Úno Bře Dub Kvě Čer Čec Srp Zář Říj Lis Pro
Přehled pro 2021 Pro
Monthly Climatological Summary for pro 2021 Name: WhiteSun City: Košťálov, okr Semily State: Česká republika Elevation: 358 m Lat: N 50° 34' 19" Lon: E 015° 24' 09" Temperature (°C), Rain (mm), Wind Speed (m/s) Heat Cool Avg Mean Deg Deg Wind Dom Day Temp High Time Low Time Days Days Rain Speed High Time Dir ---------------------------------------------------------------------------------- 1 1,9 4,9 23:26 0,3 05:20 8,1 0,0 13,5 1,2 10,9 00:03 JZ 2 1,4 4,8 00:03 -3,6 23:55 8,6 0,0 0,3 1,4 8,6 01:27 JZ 3 -3,0 -1,0 16:22 -5,9 07:12 13,0 0,0 0,0 0,9 5,3 13:47 JZ 4 -2,4 -0,7 13:58 -4,7 02:19 12,4 0,0 0,0 1,1 5,3 17:20 SV 5 -0,9 0,8 13:11 -2,0 00:48 10,9 0,0 0,3 0,1 1,9 14:47 ZJZ 6 -1,2 -0,4 03:28 -2,2 22:11 11,2 0,0 0,3 1,4 4,8 05:10 JZ 7 -1,7 -0,7 13:51 -3,0 22:38 11,7 0,0 0,0 0,6 4,1 11:31 SSZ 8 -2,4 -0,6 20:16 -5,9 08:30 12,3 0,0 0,0 1,6 7,2 21:20 SV 9 -1,1 -0,7 12:51 -1,5 06:51 11,1 0,0 0,0 0,6 5,6 00:11 SV ---------------------------------------------------------------------------------- -1,0 4,9 1 -5,9 3 99,3 0,0 14,4 1,0 10,9 1 Z Max >= 25,0: 0 Max <= 0,0: 6 Min <= 0,0: 8 Min <= -10,0: 0 Max Rain: 13,5 on day 1 Days of Rain: 1 (>= 0,5 mm) 1 (>= 2,0 mm) 1 (>= 10,0 mm) Heat Base: 10,0 Cool Base: 20,0 Method: Integration