Klimatologické zprávy

Na této stránce si můžete prohlédnout klimatologické zprávy generované programem Cumulus. Ve zprávě najdete informace o teplotě, srážkách a větru. K aktualizaci těchto dat dochází druhý den. V zimě je srážkoměr mimo provoz a srážky jsou doplňovány zpětně, obvykle do 3 dnů.


Přehled pro 2018 Úno
                   Monthly Climatological Summary for úno 2018

Name: WhiteSun   City: Košťálov, okr Semily   State: Česká republika
Elevation: 358 m  Lat: N 50° 34' 19"   Lon: E 015° 24' 09"

                  Temperature (°C), Rain (mm), Wind Speed (m/s)

                                      Heat  Cool        Avg
    Mean                              Deg   Deg         Wind                 Dom
Day Temp  High   Time   Low    Time   Days  Days  Rain  Speed High   Time    Dir
----------------------------------------------------------------------------------
 1   2,8   4,3   03:59   0,8   23:57   7,2   0,0   3,3   0,7   5,3   09:30     J
 2   0,8   2,5   12:55  -0,8   04:26   9,2   0,0   0,0   0,5   5,3   14:42     J
 3   0,7   2,5   14:09  -1,4   19:15   9,3   0,0   0,0   0,5   4,5   14:19    JZ
 4  -1,5   1,6   13:29  -4,2   22:44  11,6   0,0   0,0   0,5   3,7   13:54    JZ
 5  -2,7   0,7   12:43  -7,1   23:56  12,7   0,0   0,0   0,2   5,3   16:53     Z
 6  -5,3  -0,9   14:34 -10,0   07:13  15,3   0,0   0,0   0,7   7,8   14:16   VSV
 7  -0,7   1,3   14:09  -3,0   00:00  10,7   0,0   0,0   1,0   7,2   08:58    SV
 8  -0,8   0,5   12:24  -1,9   02:32  10,8   0,0   0,0   0,7   3,4   13:00    JZ
 9  -1,5  -0,6   12:07  -2,2   23:19  11,5   0,0   0,0   0,4   3,0   11:10   JJV
10  -2,0  -1,1   12:07  -3,2   05:49  12,0   0,0   0,0   0,4   4,5   14:36    JZ
11  -0,6   2,0   14:42  -2,7   03:31  10,6   0,0   0,0   0,6   5,3   12:23     V
12  -0,4   2,3   13:28  -2,4   20:11  10,4   0,0   0,0   0,3   5,3   12:32    JZ
13  -2,2   1,7   15:06  -5,9   23:59  12,2   0,0   0,0   0,2   2,6   13:58     J
14  -4,4   0,8   11:55  -9,4   07:38  14,4   0,0   0,0   0,3   5,9   14:28    SV
15  -4,2   0,2   13:38 -10,1   07:43  14,2   0,0   0,0   0,6   4,8   12:54   VSV
16  -0,6   2,1   14:49  -2,2   02:16  10,6   0,0   0,6   0,6   4,8   12:34   JJZ
17  -1,3   1,0   14:59  -2,6   08:26  11,3   0,0   0,3   0,2   3,4   10:50     V
18  -1,3   1,1   12:55  -3,5   02:00  11,3   0,0   0,0   0,3   4,1   09:40   ZJZ
----------------------------------------------------------------------------------
    -1,4   4,3     1   -10,1    15   205,3   0,0   4,2   0,5   7,8     6     JJV

Max >=  25,0:  0
Max <=   0,0:  3
Min <=   0,0: 17
Min <= -10,0:  2
Max Rain: 3,3 on day 1
Days of Rain: 2 (>= 0,5 mm)  1 (>= 2,0 mm)  0 (>= 10,0 mm)
Heat Base: 10,0  Cool Base: 20,0  Method: Integration