Klimatologické zprávy

Na této stránce si můžete prohlédnout klimatologické zprávy generované programem Cumulus. Ve zprávě najdete informace o teplotě, srážkách a větru. K aktualizaci těchto dat dochází druhý den. V zimě je srážkoměr mimo provoz a srážky jsou doplňovány zpětně, obvykle do 3 dnů.


Přehled pro 2018 Kvě
                   Monthly Climatological Summary for kvě 2018

Name: WhiteSun   City: Košťálov, okr Semily   State: Česká republika
Elevation: 358 m  Lat: N 50° 34' 19"   Lon: E 015° 24' 09"

                  Temperature (°C), Rain (mm), Wind Speed (m/s)

                                      Heat  Cool        Avg
    Mean                              Deg   Deg         Wind                 Dom
Day Temp  High   Time   Low    Time   Days  Days  Rain  Speed High   Time    Dir
----------------------------------------------------------------------------------
 1  13,2  19,2   15:27   7,6   01:25   0,5   0,0   0,0   1,0   7,5   10:59    JZ
 2  15,1  21,6   18:17   7,9   01:34   0,4   0,2   0,0   1,2  10,4   09:42    SV
 3  16,0  20,4   12:37  12,1   06:25   0,0   0,0   0,9   1,5   9,0   15:35   ZJZ
 4  15,4  22,8   14:34   9,2   06:07   0,0   0,3   0,0   0,6   4,1   13:08   JJZ
 5  14,0  21,7   14:19   6,0   05:28   0,7   0,2   0,0   0,6   4,8   09:23   VJV
 6  12,7  20,2   14:59   2,8   05:19   1,6   0,0   0,0   0,8   7,5   15:34   VSV
 7  14,6  22,8   15:24   4,7   05:54   1,1   0,6   0,0   1,0   7,8   14:39   VSV
 8  15,9  23,5   15:51   6,2   05:34   0,6   0,9   0,0   1,0  10,1   14:44    SV
 9  18,2  22,8   16:26  13,3   00:00   0,0   0,5   0,0   1,7  12,8   15:38    SV
10  18,1  25,3   14:26  11,2   05:59   0,0   1,2   6,9   0,8   7,8   17:20     V
11  17,0  21,8   16:23  13,3   06:18   0,0   0,2   0,6   1,0   5,6   09:37    JZ
12  17,3  24,3   12:19  11,0   05:53   0,0   0,7   1,5   0,5   6,4   13:38     J
13  17,9  23,9   15:59  11,0   06:07   0,0   1,0   0,0   1,6  13,1   11:33    SV
14  15,6  20,8   13:42   8,5   05:22   0,1   0,1   0,0   1,7  15,3   15:59    SV
15  13,7  20,0   15:58   5,7   06:07   0,7   0,0   0,6   1,2  10,1   11:14    SV
16  13,1  17,3   16:59  10,1   05:52   0,0   0,0   5,7   0,4   3,4   23:38   ZJZ
17  12,8  15,9   13:13  11,3   03:31   0,0   0,0   6,6   2,0   8,6   12:44   ZJZ
18  12,7  17,7   17:20   9,1   05:20   0,1   0,0   0,0   2,8   9,4   08:41   ZJZ
19  12,3  19,8   13:35   6,3   05:40   0,8   0,0   9,3   0,4   3,7   10:15    JZ
20  13,4  20,2   15:04   4,3   05:49   1,2   0,0   0,0   1,0   9,4   15:13    SV
21  14,3  20,5   15:12   5,8   05:23   0,7   0,0   0,0   1,4  12,0   09:35   VSV
22  16,2  23,7   16:27   5,8   05:36   0,7   0,9   1,2   0,6   7,2   13:31     V
23  17,6  23,1   16:23  11,8   05:23   0,0   0,5   4,5   0,7   7,8   18:44   VSV
24  19,1  23,4   16:07  14,5   05:27   0,0   0,7   0,0   1,9  15,0   09:26   VSV
----------------------------------------------------------------------------------
    15,3  25,3    10     2,8     6     9,2   8,0  37,8   1,1  15,3    14     VSV

Max >=  25,0:  1
Max <=   0,0:  0
Min <=   0,0:  0
Min <= -10,0:  0
Max Rain: 9,3 on day 19
Days of Rain: 10 (>= 0,5 mm)  5 (>= 2,0 mm)  0 (>= 10,0 mm)
Heat Base: 10,0  Cool Base: 20,0  Method: Integration