Klimatologické zprávy

Na této stránce si můžete prohlédnout klimatologické zprávy generované programem Cumulus. Ve zprávě najdete informace o teplotě, srážkách a větru. K aktualizaci těchto dat dochází druhý den. V zimě je srážkoměr mimo provoz a srážky jsou doplňovány zpětně, obvykle do 3 dnů.


Přehled pro 2018 Srp
                   Monthly Climatological Summary for srp 2018

Name: WhiteSun   City: Košťálov, okr Semily   State: Česká republika
Elevation: 358 m  Lat: N 50° 34' 19"   Lon: E 015° 24' 09"

                  Temperature (°C), Rain (mm), Wind Speed (m/s)

                                      Heat  Cool        Avg
    Mean                              Deg   Deg         Wind                 Dom
Day Temp  High   Time   Low    Time   Days  Days  Rain  Speed High   Time    Dir
----------------------------------------------------------------------------------
 1  26,3  34,1   15:25  17,0   05:44   0,0   6,7   0,0   0,8   9,0   17:13   VSV
 2  25,8  32,5   17:15  18,1   05:59   0,0   6,0   1,2   0,6   6,7   12:48   ZJZ
 3  23,4  30,7   10:27  18,2   06:09   0,0   3,5  12,6   0,3   6,4   10:47   ZJZ
 4  25,0  32,8   14:40  17,7   06:10   0,0   5,3   0,0   0,6   5,6   13:57   ZJZ
 5  22,7  27,9   14:33  17,1   23:50   0,0   3,1   0,3   1,2   7,5   16:19   ZJZ
 6  20,8  28,8   18:07  12,2   05:55   0,0   2,9   0,0   0,5   4,8   13:27    JZ
 7  22,7  32,5   16:30  11,6   05:40   0,0   4,9   0,0   0,5   5,9   13:15   JJV
 8  24,5  33,1   15:16  17,2   05:29   0,0   4,9   6,3   0,7   7,8   18:34   JJV
 9  26,0  34,4   17:44  17,8   05:20   0,0   6,4   0,0   0,8   7,8   16:16    JV
10  21,3  27,0   00:04  17,6   23:34   0,0   1,6   4,2   0,9   7,5   13:46   ZJZ
11  19,4  26,2   14:31  13,9   06:44   0,0   1,5   0,0   1,0   8,6   15:36    JZ
12  18,4  26,5   17:03   9,4   05:44   0,0   2,1   0,0   0,5   6,4   16:16   JJV
13  21,6  32,0   16:41  10,6   05:54   0,0   4,3   0,0   1,0  11,2   19:27    JZ
14  20,8  25,1   17:30  17,4   06:59   0,0   1,4   2,1   1,1   6,4   12:25    JZ
15  19,9  24,9   15:26  15,0   23:59   0,0   1,3   0,0   1,9   9,4   13:35   ZJZ
16  19,6  26,6   17:14  13,5   01:14   0,0   2,1   0,0   0,3   5,3   12:44   JJV
17  20,6  29,8   17:21  11,3   05:54   0,0   3,3   0,0   0,5   5,6   13:36    JZ
----------------------------------------------------------------------------------
    22,3  34,4     9     9,4    12     0,0  61,3  26,7   0,8  11,2    13      JZ

Max >=  25,0: 16
Max <=   0,0:  0
Min <=   0,0:  0
Min <= -10,0:  0
Max Rain: 12,6 on day 3
Days of Rain: 5 (>= 0,5 mm)  4 (>= 2,0 mm)  1 (>= 10,0 mm)
Heat Base: 10,0  Cool Base: 20,0  Method: Integration