Klimatologické zprávy

Na této stránce si můžete prohlédnout klimatologické zprávy generované programem Cumulus. Ve zprávě najdete informace o teplotě, srážkách a větru. K aktualizaci těchto dat dochází druhý den. V zimě je srážkoměr mimo provoz a srážky jsou doplňovány zpětně, obvykle do 3 dnů.


Přehled pro 2018 Pro
                   Monthly Climatological Summary for pro 2018

Name: WhiteSun   City: Košťálov, okr Semily   State: Česká republika
Elevation: 358 m  Lat: N 50° 34' 19"   Lon: E 015° 24' 09"

                  Temperature (°C), Rain (mm), Wind Speed (m/s)

                                      Heat  Cool        Avg
    Mean                              Deg   Deg         Wind                 Dom
Day Temp  High   Time   Low    Time   Days  Days  Rain  Speed High   Time    Dir
----------------------------------------------------------------------------------
 1  -3,3  -1,9   23:41  -4,5   04:50  13,3   0,0   0,0   0,2   2,6   16:37   SSV
 2  -1,2  -0,2   19:41  -2,7   07:36  11,2   0,0   0,3   1,3   5,3   07:01    SV
 3   0,4   1,0   13:55  -0,3   00:20   9,6   0,0  10,8   0,3   1,9   20:10    SV
 4   1,9   5,1   13:12  -1,6   23:40   8,1   0,0   4,8   1,2   8,6   12:16   ZJZ
 5  -1,9   2,0   13:05  -4,1   08:25  11,9   0,0   0,0   0,3   3,4   12:55    JZ
 6  -0,8   0,6   14:30  -3,3   00:10  10,8   0,0   2,1   0,6   4,8   11:03    SV
 7   2,2   6,6   21:28  -0,2   00:10   7,8   0,0  10,5   0,3   3,7   21:21    SV
 8   4,4   6,4   00:14   2,3   09:15   5,6   0,0   3,6   1,9  13,1   03:45    JZ
 9   4,4   5,3   14:19   3,5   21:46   5,6   0,0  13,5   1,9  12,0   17:19    JZ
10   1,2   3,5   00:01  -0,3   22:24   8,8   0,0   3,3   2,9  12,0   00:51   ZJZ
11  -0,2   0,4   12:07  -0,9   23:35  10,2   0,0   4,8   1,8   7,5   09:34   ZJZ
----------------------------------------------------------------------------------
     0,6   6,6     7    -4,5     1   102,9   0,0  53,7   1,2  13,1     8     ZJZ

Max >=  25,0:  0
Max <=   0,0:  2
Min <=   0,0:  9
Min <= -10,0:  0
Max Rain: 13,5 on day 9
Days of Rain: 8 (>= 0,5 mm)  8 (>= 2,0 mm)  3 (>= 10,0 mm)
Heat Base: 10,0  Cool Base: 20,0  Method: Integration