Klimatologické zprávy

Na této stránce si můžete prohlédnout klimatologické zprávy generované programem Cumulus. Ve zprávě najdete informace o teplotě, srážkách a větru. K aktualizaci těchto dat dochází druhý den. V zimě je srážkoměr mimo provoz a srážky jsou doplňovány zpětně, obvykle do 3 dnů.


Přehled pro 2019 Kvě
                   Monthly Climatological Summary for kvě 2019

Name: WhiteSun   City: Košťálov, okr Semily   State: Česká republika
Elevation: 358 m  Lat: N 50° 34' 19"   Lon: E 015° 24' 09"

                  Temperature (°C), Rain (mm), Wind Speed (m/s)

                                      Heat  Cool        Avg
    Mean                              Deg   Deg         Wind                 Dom
Day Temp  High   Time   Low    Time   Days  Days  Rain  Speed High   Time    Dir
----------------------------------------------------------------------------------
 1   9,3  15,1   17:27   2,4   04:58   2,3   0,0   0,0   2,0   9,4   13:53    JZ
 2  11,0  18,5   15:44   4,1   05:26   1,7   0,0   0,0   1,9  11,2   12:38   ZJZ
 3   6,7   9,5   18:39   3,7   23:58   3,3   0,0   0,0   1,6   9,0   11:02   ZJZ
 4   4,6  11,0   13:11  -0,2   05:41   5,5   0,0   2,4   1,3   7,5   11:02    JZ
 5   4,9   9,7   15:42   0,8   23:58   5,1   0,0   0,0   2,3   9,7   12:18     Z
 6   4,7  10,0   17:06  -1,5   05:32   5,3   0,0   0,0   1,9  12,0   14:34   ZJZ
 7   5,6  11,8   13:12  -2,1   05:34   4,6   0,0   0,0   1,2   9,0   12:33    JZ
 8   9,4  16,3   16:43   0,0   05:01   3,0   0,0   0,0   1,9  12,8   14:58   VSV
 9  11,3  15,8   18:14   8,3   22:34   0,4   0,0   3,9   0,9   6,4   16:09   JJZ
10  10,6  15,9   17:14   7,2   02:24   0,9   0,0   4,2   1,1   8,3   17:40   ZJZ
11  10,3  15,6   12:42   2,9   05:17   1,6   0,0   1,5   0,5   6,4   11:29   VSV
12   8,9  11,1   16:07   6,4   07:54   1,3   0,0   4,8   2,2  13,1   11:10   ZJZ
13   9,2  13,4   15:00   3,7   23:56   1,4   0,0   0,0   1,7  10,1   16:34     Z
14   5,7   9,8   13:00  -0,3   05:24   4,4   0,0   0,0   1,5   9,7   12:20    SZ
15   6,8  11,3   13:52   4,6   05:57   3,2   0,0   3,9   1,7   6,7   00:10   ZJZ
16   8,5  11,8   16:54   5,4   04:54   1,8   0,0   3,9   0,8   4,5   03:39   JJZ
17  12,4  18,5   16:07   8,3   23:58   0,5   0,0   0,0   0,9   9,7   18:18     V
18  13,9  19,8   17:26   7,0   01:21   0,2   0,0   0,0   1,6   8,6   06:39   VSV
----------------------------------------------------------------------------------
     8,5  19,8    18    -2,1     7    46,5   0,0  24,6   1,5  13,1    12     ZJZ

Max >=  25,0:  0
Max <=   0,0:  0
Min <=   0,0:  5
Min <= -10,0:  0
Max Rain: 4,8 on day 12
Days of Rain: 7 (>= 0,5 mm)  6 (>= 2,0 mm)  0 (>= 10,0 mm)
Heat Base: 10,0  Cool Base: 20,0  Method: Integration