Klimatologické zprávy

Na této stránce si můžete prohlédnout klimatologické zprávy generované programem Cumulus. Ve zprávě najdete informace o teplotě, srážkách a větru. K aktualizaci těchto dat dochází druhý den. V zimě je srážkoměr mimo provoz a srážky jsou doplňovány zpětně, obvykle do 3 dnů.


Přehled pro 2019 Úno
                   Monthly Climatological Summary for úno 2019

Name: WhiteSun   City: Košťálov, okr Semily   State: Česká republika
Elevation: 358 m  Lat: N 50° 34' 19"   Lon: E 015° 24' 09"

                  Temperature (°C), Rain (mm), Wind Speed (m/s)

                                      Heat  Cool        Avg
    Mean                              Deg   Deg         Wind                 Dom
Day Temp  High   Time   Low    Time   Days  Days  Rain  Speed High   Time    Dir
----------------------------------------------------------------------------------
 1  -0,7   2,5   23:38  -2,7   00:07  10,7   0,0   0,0   2,7   9,0   13:59    SV
 2   2,5   4,5   10:21   0,7   22:07   7,5   0,0   0,0   0,6   4,5   16:50    JV
 3   0,1   0,8   00:00  -0,5   17:23   9,9   0,0   9,9   1,6   7,8   19:17    JZ
 4  -1,3   1,8   13:19  -5,9   23:48  11,3   0,0   0,3   1,4   6,4   00:53    JZ
 5  -4,2  -0,6   14:08  -8,9   06:54  14,2   0,0   0,0   0,3   4,1   13:10    JZ
 6  -1,2   0,7   11:58  -4,8   23:58  11,2   0,0   0,0   0,3   3,0   13:48   JJV
 7  -3,8   0,5   13:33  -9,2   07:07  13,8   0,0   0,0   0,4   5,9   11:13   VSV
 8   0,0   3,4   13:43  -1,8   23:51  10,0   0,0   1,5   0,4   2,6   14:09   VSV
 9   2,0   5,8   14:52  -1,9   06:57   7,9   0,0   0,0   1,2  10,1   13:19   JJZ
10   1,6   4,8   13:44  -1,0   05:24   8,4   0,0   1,2   1,4   9,0   15:51    SV
11   2,2   3,6   01:28   0,8   07:30   7,8   0,0   1,2   3,7  15,3   14:49   ZJZ
12   0,0   2,0   14:22  -2,4   21:06  10,0   0,0   0,0   3,1  15,3   01:41   ZJZ
13   1,1   2,8   23:59  -1,8   00:04   8,9   0,0   1,2   1,1   4,8   07:11   ZJZ
14   2,7   6,3   14:12  -2,3   23:47   7,2   0,0   0,0   1,1   5,9   03:05   ZJZ
15  -0,4   6,6   14:12  -4,2   07:30  10,4   0,0   0,0   0,3   3,7   12:51   VJV
16  -0,5   8,2   15:22  -5,3   06:17  10,4   0,0   0,0   0,1   2,6   14:22   JJZ
17  -0,3   8,0   14:21  -5,6   06:47  10,3   0,0   0,0   0,1   2,6   12:07   JJV
----------------------------------------------------------------------------------
     0,0   8,2    16    -9,2     7   169,9   0,0  15,3   1,2  15,3    11      JZ

Max >=  25,0:  0
Max <=   0,0:  1
Min <=   0,0: 15
Min <= -10,0:  0
Max Rain: 9,9 on day 3
Days of Rain: 5 (>= 0,5 mm)  1 (>= 2,0 mm)  0 (>= 10,0 mm)
Heat Base: 10,0  Cool Base: 20,0  Method: Integration