Klimatologické zprávy

Na této stránce si můžete prohlédnout klimatologické zprávy generované programem Cumulus. Ve zprávě najdete informace o teplotě, srážkách a větru. K aktualizaci těchto dat dochází druhý den. V zimě je srážkoměr mimo provoz a srážky jsou doplňovány zpětně, obvykle do 3 dnů.


Přehled pro 2017 Lis
                   Monthly Climatological Summary for lis 2017

Name: WhiteSun   City: Košťálov, okr Semily   State: Česká republika
Elevation: 358 m  Lat: N 50° 34' 19"   Lon: E 015° 24' 09"

                  Temperature (°C), Rain (mm), Wind Speed (m/s)

                                      Heat  Cool        Avg
    Mean                              Deg   Deg         Wind                 Dom
Day Temp  High   Time   Low    Time   Days  Days  Rain  Speed High   Time    Dir
----------------------------------------------------------------------------------
 1   4,7   5,5   23:17   3,8   05:25   5,3   0,0   3,0   0,2   4,1   13:14    JZ
 2   6,5   8,8   14:32   4,6   06:56   3,5   0,0   0,3   0,3   5,3   23:22   ZJZ
 3   6,6   9,0   13:12   1,0   23:57   3,4   0,0   0,0   0,9   5,9   06:34   ZJZ
 4   3,2   8,2   14:31  -1,5   07:29   6,8   0,0   0,0   0,5   5,6   11:31   VSV
 5   5,5   7,8   13:23   1,4   02:30   4,5   0,0   0,0   1,5   9,4   12:33    SV
 6   6,0   6,8   14:47   5,3   23:30   4,0   0,0   3,0   0,7   4,5   09:14    JZ
 7   5,2   8,6   12:40   1,1   23:53   4,8   0,0   0,0   0,8   9,4   12:56    SV
 8   4,0   7,9   14:07  -0,4   05:18   6,0   0,0   0,0   0,1   3,0   19:24     V
 9   5,6   6,4   15:01   4,6   00:07   4,4   0,0   0,9   0,0   2,2   21:49     J
10   5,3   6,3   11:39   4,2   23:55   4,7   0,0   9,0   1,5  10,4   20:26    JZ
11   3,8   5,5   14:07   2,2   09:05   6,2   0,0   1,2   1,7   9,4   13:47    JZ
12   2,6   4,2   11:55   0,6   23:34   7,4   0,0   5,4   0,8   7,2   19:39   JJZ
13   1,5   2,9   13:17   0,1   05:02   8,5   0,0   0,3   1,6   6,7   12:58   ZJZ
14   1,6   4,0   13:41  -0,4   06:19   8,4   0,0   0,3   0,4   5,3   12:26   ZJZ
15   2,7   4,4   13:24   0,8   00:00   7,3   0,0   0,0   0,1   1,9   10:14     J
16   4,8   7,5   14:19   3,0   07:37   5,2   0,0   0,0   0,4   4,8   12:49     V
17   3,1   4,9   15:03  -0,6   23:57   6,9   0,0   0,0   0,4   4,1   14:26   ZJZ
18  -1,1   0,9   20:24  -4,2   06:39  11,1   0,0   0,0   0,2   5,6   20:38   ZJZ
19   1,1   2,4   12:20   0,0   05:34   8,9   0,0   1,5   1,5  15,0   23:54    JZ
20   0,8   2,6   12:07  -0,3   00:30   9,2   0,0   1,5   1,8  10,1   02:21   ZJZ
21   1,0   1,8   21:42   0,0   06:11   9,0   0,0   1,2   0,0   2,2   00:07   JJZ
22   3,4   6,5   13:51   0,5   23:54   6,6   0,0   0,9   0,2   3,4   11:22   ZJZ
----------------------------------------------------------------------------------
     3,5   9,0     3    -4,2    18   142,1   0,0  28,5   0,7  15,0    19      JZ

Max >=  25,0:  0
Max <=   0,0:  0
Min <=   0,0:  8
Min <= -10,0:  0
Max Rain: 9,0 on day 10
Days of Rain: 10 (>= 0,5 mm)  4 (>= 2,0 mm)  0 (>= 10,0 mm)
Heat Base: 10,0  Cool Base: 20,0  Method: Integration