Klimatologické zprávy

Na této stránce si můžete prohlédnout klimatologické zprávy generované programem Cumulus. Ve zprávě najdete informace o teplotě, srážkách a větru. K aktualizaci těchto dat dochází druhý den. V zimě je srážkoměr mimo provoz a srážky jsou doplňovány zpětně, obvykle do 3 dnů.


Přehled pro 2018 Říj
                   Monthly Climatological Summary for říj 2018

Name: WhiteSun   City: Košťálov, okr Semily   State: Česká republika
Elevation: 358 m  Lat: N 50° 34' 19"   Lon: E 015° 24' 09"

                  Temperature (°C), Rain (mm), Wind Speed (m/s)

                                      Heat  Cool        Avg
    Mean                              Deg   Deg         Wind                 Dom
Day Temp  High   Time   Low    Time   Days  Days  Rain  Speed High   Time    Dir
----------------------------------------------------------------------------------
 1   5,1  11,4   12:49  -1,0   07:32   5,0   0,0   0,6   0,5   5,9   14:20    JZ
 2   6,7   8,9   16:10   5,1   05:14   3,3   0,0   1,2   2,0  10,9   20:12    JZ
 3   8,2  10,8   15:32   5,1   22:16   1,9   0,0   0,6   2,6  13,1   14:30   ZJZ
 4   7,7  13,2   16:52   3,5   03:15   2,9   0,0   0,0   0,5   5,3   11:50    JZ
 5   7,2  16,3   15:55   0,0   07:07   4,3   0,0   0,0   0,4   5,3   12:23   VJV
 6   8,5  16,3   15:46   1,1   07:28   3,2   0,0   0,0   0,4   5,3   13:04   VJV
 7  10,6  18,7   14:40   4,7   06:44   1,7   0,0   0,0   1,2   8,3   18:52   ZJZ
 8  10,0  14,1   15:27   5,4   23:59   1,0   0,0   0,0   0,3   4,1   13:30   VJV
 9   9,0  17,7   15:47   3,0   06:40   2,8   0,0   0,0   0,2   2,6   13:12    JZ
10  11,9  21,1   14:49   3,6   07:54   2,1   0,1   0,0   0,8   7,5   14:04   VSV
11  16,2  21,7   15:09  11,7   03:59   0,0   0,3   0,0   1,8   7,8   10:34   VSV
12  12,5  20,4   14:55   6,1   07:30   0,9   0,0   0,0   0,5   7,2   14:05     V
13  10,9  20,5   15:35   3,5   07:10   2,2   0,0   0,0   0,6   6,7   14:10   VSV
14  14,7  20,8   14:19   7,0   00:47   0,2   0,1   0,0   2,0  13,1   12:12   VSV
15  14,6  20,2   14:45   7,2   00:51   0,1   0,0   0,0   1,7  10,1   11:33    SV
16  11,2  18,2   15:07   5,9   05:44   1,3   0,0   0,0   0,5   5,3   12:41     V
17   8,8  17,5   15:35   2,9   07:35   2,9   0,0   0,0   0,1   3,4   15:36     J
18   8,6  17,3   16:32   2,1   07:15   3,1   0,0   0,0   0,2   3,7   16:30    JZ
----------------------------------------------------------------------------------
    10,1  21,7    11    -1,0     1    38,9   0,5   2,4   0,9  13,1     3     VJV

Max >=  25,0:  0
Max <=   0,0:  0
Min <=   0,0:  2
Min <= -10,0:  0
Max Rain: 1,2 on day 2
Days of Rain: 3 (>= 0,5 mm)  0 (>= 2,0 mm)  0 (>= 10,0 mm)
Heat Base: 10,0  Cool Base: 20,0  Method: Integration