Klimatologické zprávy

Na této stránce si můžete prohlédnout klimatologické zprávy generované programem Cumulus. Ve zprávě najdete informace o teplotě, srážkách a větru. K aktualizaci těchto dat dochází druhý den. V zimě je srážkoměr mimo provoz a srážky jsou doplňovány zpětně, obvykle do 3 dnů.


Přehled pro 2019 Čec
                   Monthly Climatological Summary for čvc 2019

Name: WhiteSun   City: Košťálov, okr Semily   State: Česká republika
Elevation: 358 m  Lat: N 50° 34' 19"   Lon: E 015° 24' 09"

                  Temperature (°C), Rain (mm), Wind Speed (m/s)

                                      Heat  Cool        Avg
    Mean                              Deg   Deg         Wind                 Dom
Day Temp  High   Time   Low    Time   Days  Days  Rain  Speed High   Time    Dir
----------------------------------------------------------------------------------
 1  24,4  32,6   15:02  15,2   05:36   0,0   5,3   0,3   1,1   9,7   13:28   ZJZ
 2  20,4  23,9   15:01  14,3   23:59   0,0   1,3   0,0   2,2   9,4   18:11   ZJZ
 3  16,4  22,1   15:22   9,3   05:43   0,0   0,3   0,0   1,7  11,6   11:21   ZJZ
 4  16,3  23,4   15:34   6,9   05:32   0,4   0,8   0,0   1,2   8,3   10:16   ZJZ
 5  17,1  23,4   17:46  10,2   05:06   0,0   0,5   0,0   1,5  10,1   14:54   ZJZ
 6  21,0  28,9   14:35  11,2   05:30   0,0   3,3   0,0   1,5  10,1   16:30    JZ
 7  16,8  20,5   15:06  10,9   23:58   0,0   0,0   0,0   2,4  12,8   11:43   ZJZ
 8  13,0  17,9   16:26   7,6   04:51   0,3   0,0   0,0   1,7   9,4   12:16   ZJZ
 9  12,5  17,6   14:21   8,0   05:26   0,4   0,0   0,0   1,8   9,7   14:49   ZJZ
10  14,2  20,5   17:51   7,1   04:30   0,5   0,0   0,0   1,9   8,6   13:41   ZJZ
11  16,2  23,2   14:33   6,7   05:31   0,5   0,6   0,0   1,0   9,4   11:58   ZJZ
12  15,4  20,6   17:26  13,3   05:26   0,0   0,0  12,6   0,3   4,8   17:29   ZJZ
13  15,5  19,0   14:11  12,5   23:51   0,0   0,0   5,7   1,7   9,0   13:46   ZJZ
14  15,6  22,2   15:33   9,7   05:36   0,0   0,2   3,3   1,6  10,4   17:13     Z
15  15,8  21,3   16:26  11,0   05:16   0,0   0,1   0,0   1,8   7,8   11:46   ZJZ
16  13,6  18,2   18:32   9,5   04:42   0,0   0,0   0,0   1,7   8,3   08:32   ZJZ
17  15,7  22,1   15:47   7,6   05:06   0,3   0,4   0,0   1,5   8,3   11:48   ZJZ
----------------------------------------------------------------------------------
    16,5  32,6     1     6,7    11     2,4  12,8  21,9   1,6  12,8     7     ZJZ

Max >=  25,0:  2
Max <=   0,0:  0
Min <=   0,0:  0
Min <= -10,0:  0
Max Rain: 12,6 on day 12
Days of Rain: 3 (>= 0,5 mm)  3 (>= 2,0 mm)  1 (>= 10,0 mm)
Heat Base: 10,0  Cool Base: 20,0  Method: Integration