Klimatologické zprávy

Na této stránce si můžete prohlédnout klimatologické zprávy generované programem Cumulus. Ve zprávě najdete informace o teplotě, srážkách a větru. K aktualizaci těchto dat dochází druhý den. V zimě je srážkoměr mimo provoz a srážky jsou doplňovány zpětně, obvykle do 3 dnů.


Přehled pro 2020 Úno
                   Monthly Climatological Summary for úno 2020

Name: WhiteSun   City: Košťálov, okr Semily   State: Česká republika
Elevation: 358 m  Lat: N 50° 34' 19"   Lon: E 015° 24' 09"

                  Temperature (°C), Rain (mm), Wind Speed (m/s)

                                      Heat  Cool        Avg
    Mean                              Deg   Deg         Wind                 Dom
Day Temp  High   Time   Low    Time   Days  Days  Rain  Speed High   Time    Dir
----------------------------------------------------------------------------------
 1   5,2  10,5   14:23  -0,5   06:53   4,8   0,0   3,6   0,9   7,2   20:38    JZ
 2   5,5   7,3   00:03   4,0   07:43   4,5   0,0   4,2   1,9  12,8   02:33    JZ
 3   5,4   7,5   01:27   4,3   08:43   4,7   0,0   7,8   1,6   9,4   01:32   ZJZ
 4   2,1   4,7   00:02   0,1   23:57   7,9   0,0  12,9   2,4  13,4   13:32   ZJZ
 5  -0,1   1,1   12:12  -1,8   20:22  10,1   0,0   1,2   2,6  10,1   10:42   ZJZ
 6   0,0   1,6   14:12  -2,6   02:57  10,0   0,0   0,0   2,5   8,3   11:52   ZJZ
 7   2,3   5,0   13:52   0,3   05:57   7,7   0,0   0,0   1,5   6,7   01:22   ZJZ
 8   0,4   3,4   13:02  -3,3   23:56   9,6   0,0   0,0   0,7   5,6   16:07     V
 9  -0,1   4,7   15:08  -5,0   07:43  10,1   0,0   0,0   1,1   6,4   15:13   VSV
10   3,7   7,5   12:45   1,7   23:38   6,3   0,0   4,8   3,2  22,4   12:53    JZ
11   1,7   4,6   14:21  -0,9   23:53   8,3   0,0   2,7   3,2  18,4   07:20    JZ
12   0,5   3,0   13:28  -1,8   21:33   9,5   0,0   0,0   2,4  13,9   13:53   JJZ
13   1,1   3,2   14:57  -1,2   00:32   8,9   0,0   1,2   1,6   6,7   15:02   VSV
14   2,6   4,1   11:32   1,2   05:12   7,4   0,0   1,5   1,2   6,4   16:02   ZJZ
15   2,0   6,1   13:42  -1,5   23:22   8,0   0,0   0,0   0,7   4,5   13:32   VSV
16   2,7   7,6   13:42  -1,6   00:42   7,3   0,0   0,0   1,2   4,8   12:32   VSV
17   5,7   8,2   13:57   2,8   02:12   4,3   0,0   0,3   1,0   5,9   22:37   JJZ
18   4,6   7,2   13:32   0,6   23:57   5,4   0,0   0,0   2,5  13,1   13:27    JZ
19   1,7   3,8   10:57  -0,2   04:12   8,3   0,0   3,6   1,4  10,9   14:39   ZJZ
20   1,6   3,4   14:57  -1,3   07:52   8,4   0,0   0,9   0,6   3,4   04:17     V
21   2,4   3,8   12:48  -1,0   23:18   7,6   0,0   5,7   2,5  14,2   07:43   ZJZ
22   4,0   9,1   14:36  -0,9   00:03   6,0   0,0   0,0   1,4   9,7   14:59   JJZ
----------------------------------------------------------------------------------
     2,5  10,5     1    -5,0     9   165,1   0,0  50,4   1,7  22,4    10      JZ

Max >=  25,0:  0
Max <=   0,0:  0
Min <=   0,0: 14
Min <= -10,0:  0
Max Rain: 12,9 on day 4
Days of Rain: 12 (>= 0,5 mm)  8 (>= 2,0 mm)  1 (>= 10,0 mm)
Heat Base: 10,0  Cool Base: 20,0  Method: Integration