Klimatologické zprávy

Na této stránce si můžete prohlédnout klimatologické zprávy generované programem Cumulus. Ve zprávě najdete informace o teplotě, srážkách a větru. K aktualizaci těchto dat dochází druhý den. V zimě je srážkoměr mimo provoz a srážky jsou doplňovány zpětně, obvykle do 3 dnů.


Přehled pro 2017 Zář
                   Monthly Climatological Summary for zář 2017

Name: WhiteSun   City: Košťálov, okr Semily   State: Česká republika
Elevation: 358 m  Lat: N 50° 34' 19"   Lon: E 015° 24' 09"

                  Temperature (°C), Rain (mm), Wind Speed (m/s)

                                      Heat  Cool        Avg
    Mean                              Deg   Deg         Wind                 Dom
Day Temp  High   Time   Low    Time   Days  Days  Rain  Speed High   Time    Dir
----------------------------------------------------------------------------------
 1  13,0  15,9   00:00  10,3   23:13   0,0   0,0  25,2   1,4   5,3   17:37   ZJZ
 2  12,3  16,0   14:51   8,9   06:46   0,1   0,0   0,0   0,8   5,6   10:25   ZJZ
 3  12,1  15,6   14:47   8,7   23:59   0,0   0,0   0,0   1,2   7,2   14:14   ZJZ
 4  11,8  17,1   14:46   7,1   06:38   0,8   0,0   0,0   0,8   9,0   11:16   ZJZ
 5  12,4  19,7   16:08   5,7   06:42   1,1   0,0   0,0   1,2  10,1   12:25   ZJZ
 6  13,0  19,5   17:58   7,7   05:49   0,6   0,0   0,0   0,6  13,9   19:35   ZJZ
 7  12,0  14,7   14:44   8,0   23:44   0,1   0,0   0,6   1,8   9,7   10:20    JZ
 8  11,5  18,7   15:58   5,3   05:41   1,4   0,0   0,0   0,5   7,5   13:45    JV
 9  14,0  21,2   15:01   7,2   06:34   0,6   0,0   0,0   0,7   6,7   11:56     V
10  13,2  15,4   14:51  11,3   10:29   0,0   0,0   5,1   0,3   3,4   09:54    JZ
11  12,8  16,4   14:26   9,8   07:36   0,0   0,0   0,6   0,2   3,7   13:41     V
12  11,5  15,1   15:49   7,2   06:34   0,5   0,0   0,3   0,5   4,8   14:19   JJZ
13  11,8  14,7   21:32   7,5   02:44   0,5   0,0   3,0   0,8   8,3   23:46   JJV
14  11,3  13,3   00:00   8,5   23:53   0,2   0,0  14,1   1,8  10,1   16:38    JZ
15  10,5  14,0   15:37   7,3   23:50   0,7   0,0   1,8   0,9   9,4   02:18    JZ
16   9,0  13,4   15:46   5,4   06:21   1,7   0,0   2,1   0,3   4,1   11:58   JJV
17  10,1  14,7   15:16   5,8   07:18   1,3   0,0   0,0   0,3   3,4   14:49   ZJZ
18   8,4  13,5   13:50   4,3   06:48   2,4   0,0   0,0   0,3   4,1   10:38     J
19   8,1  13,9   16:07   3,4   07:30   2,8   0,0   0,3   0,3   3,7   14:49   ZJZ
20   8,9  15,0   16:22   4,7   01:25   2,3   0,0   0,3   1,0   9,0   16:46   ZJZ
21   9,0  14,5   14:47   4,0   04:47   2,0   0,0   0,6   1,1   7,8   11:57   ZJZ
22  10,9  15,7   16:29   5,9   23:55   0,7   0,0   0,3   0,9   6,4   12:46   ZJZ
----------------------------------------------------------------------------------
    11,3  21,2     9     3,4    19    19,8   0,0  54,3   0,8  13,9     6      JZ

Max >=  25,0:  0
Max <=   0,0:  0
Min <=   0,0:  0
Min <= -10,0:  0
Max Rain: 25,2 on day 1
Days of Rain: 9 (>= 0,5 mm)  5 (>= 2,0 mm)  2 (>= 10,0 mm)
Heat Base: 10,0  Cool Base: 20,0  Method: Integration